se 2, what is 100 - -1101110000010?
1101110000110
In base 9, what is 280 + -2134?
-1744
In base 12, what is -489 - -44?
-445
In base 4, what is 1023102 + -3?
1023033
In base 12, what is 24014 - -18?
24030
In base 10, what is -68 + 1600?
1532
In base 11, what is 1925 - -1?
1926
In base 12, what is -35 + -31?
-66
In base 7, what is -52 + 152022?
151640
In base 14, what is -5b740a + -5?
-5b7411
In base 5, what is -131 + -4222?
-4403
In base 12, what is -a6a23 + 5?
-a6a1a
In base 11, what is 144 + -48a9?
-4765
In base 15, what is 2 + -27380?
-2737d
In base 16, what is -1 - 787?
-788
In base 15, what is 148e + 4?
1493
In base 4, what is -1100112 + 123?
-1033323
In base 5, what is 11044 + -32?
11012
In base 5, what is 203 + -22430?
-22222
In base 14, what is -3631b - 18?
-36335
In base 4, what is -11023022 + -11?
-11023033
In base 6, what is 52342 + -23?
52315
In base 14, what is -392 + -1d?
-3b1
In base 14, what is 8d1d8 - 2?
8d1d6
In base 10, what is 0 - -706834?
706834
In base 11, what is 1 - -3a40?
3a41
In base 15, what is -1975 - -8?
-196c
In base 9, what is -1 + -37300?
-37301
In base 4, what is -32013 - 21?
-32100
In base 3, what is 1 - -1210122112022?
1210122112100
In base 4, what is -213222310 + -2?
-213222312
In base 16, what is -4cd6 - 4?
-4cda
In base 7, what is -144 + 200?
23
In base 12, what is -3b7986 + 3?
-3b7983
In base 16, what is 6a269 - -4?
6a26d
In base 16, what is 3c + -66?
-2a
In base 13, what is -34478 + 1?
-34477
In base 3, what is 2011120212 + -1?
2011120211
In base 3, what is 1022000 - -10201?
1102201
In base 14, what is -131b - -7a?
-1281
In base 12, what is -1 + -1477a5?
-1477a6
In base 7, what is 2 - 205321?
-205316
In base 9, what is -175 - 3218?
-3404
In base 8, what is 2 - 1713421?
-1713417
In base 16, what is -112 + 677?
565
In base 8, what is -572152 - 5?
-572157
In base 8, what is 2665655 - -2?
2665657
In base 2, what is -101 + 101010011111010?
101010011110101
In base 9, what is -4 + 3330?
3325
In base 8, what is 10322 + -27?
10273
In base 6, what is 3 - 424231?
-424224
In base 4, what is 30133 + -10130?
20003
In base 4, what is -1013 + 1003030?
1002011
In base 15, what is -2 + -38a1?
-38a3
In base 15, what is -168 + -7?
-170
In base 9, what is 572384 + 1?
572385
In base 2, what is -110011 - -1011001100?
1010011001
In base 4, what is -10 - -3103120?
3103110
In base 16, what is -1aaa0 - 0?
-1aaa0
In base 2, what is 10000 + 100010001111100110?
100010001111110110
In base 3, what is 102 + -12002120100?
-12002112221
In base 16, what is -15d + af8?
99b
In base 11, what is -235435 - -1?
-235434
In base 8, what is 3445 - 403?
3042
In base 13, what is -10 + -8a18?
-8a28
In base 11, what is a734 - -3?
a737
In base 11, what is -546 + -489?
-a24
In base 13, what is -2 - 22b2?
-22b4
In base 5, what is -13 - -22041433?
22041420
In base 5, what is 4 + -10222142?
-10222133
In base 11, what is 53242 + -3?
5323a
In base 13, what is -29a37 + 15?
-29a22
In base 6, what is 11100 - 3?
11053
In base 13, what is -29 + 28565?
28539
In base 9, what is -7705 - 125?
-7831
In base 8, what is 4310545 - -2?
4310547
In base 14, what is 76d + 111?
880
In base 11, what is -149 - -117?
-32
In base 15, what is 34b50 - 0?
34b50
In base 11, what is -1 + 35591?
35590
In base 10, what is 4 - -18662?
18666
In base 6, what is 5011532 + -1?
5011531
In base 7, what is 23 + 15322?
15345
In base 3, what is 22221 - 11?
22210
In base 4, what is -12301302 - 20?
-12301322
In base 8, what is -1 + -17212?
-17213
In base 11, what is 12470 - 1?
1246a
In base 16, what is 33 + -3101?
-30ce
In base 10, what is 3614 + -27?
3587
In base 16, what is 4 - -12b0ec?
12b0f0
In base 13, what is 0 - -88b7?
88b7
In base 9, what is 257 + -1?
256
In base 12, what is 192a + -44?
18a6
In base 16, what is -8 - eea?
-ef2
In base 12, what is 17 - 32a?
-313
In base 12, what is -4088 + 3?
-4085
In base 11, what is 385 + -43?
342
In base 9, what is 787213 + 4?
787217
In base 3, what is 12 + -1000102210201?
-1000102210112
In base 5, what is 3 - 14244324?
-14244321
In base 9, what is 18104 + -200?
17804
In base 9, what is -607 - 1130?
-1737
In base 5, what is 23333120 - -10?
23333130
In base 10, what is -1198 - -2426?
1228
In base 6, what is 2 + 454015?
454021
In base 2, what is 10 - -10101110101001?
10101110101011
In base 16, what is -22dd - 212?
-24ef
In base 15, what is 18 - 3b79?
-3b61
In base 14, what is 0 - 7856?
-7856
In base 5, what is -331341 - -1?
-331340
In base 8, what is -126775 + -2?
-126777
In base 13, what is 8b - c589?
-c4cb
In base 12, what is 18 - -276a?
2786
In base 6, what is 1110452513 + -4?
1110452505
In base 11, what is 497 - 141?
356
In base 11, what is -95747 + 1?
-95746
In base 14, what is 241c1 + 2?
241c3
In base 5, what is 2424 - -1024202?
1032131
In base 10, what is -5 + -257925?
-257930
In base 13, what is -46765 + -5?
-4676a
In base 12, what is 10287 + 5?
10290
In base 9, what is 8361 + -42?
8318
In base 2, what is -111101010100101110 + -1?
-111101010100101111
In base 5, what is -3 + -411043?
-411101
In base 12, what is 34 - 26501?
-26489
In base 15, what is 86 - -6417?
649d
In base 11, what is -4 - -a348?
a344
In base 7, what is -64 - -61445?
61351
In base 13, what is 77 - 135?
-8b
In base 4, what is -320 + 1231100?
1230120
In base 6, what is 1015 - -252?
1311
In base 11, what is 5 + 212a36?
212a40
In base 3, what is -21001 + 20200?
-101
In base 8, what is 3 - -5152657?
5152662
In base 14, what is 612 + ba?
6cc
In base 8, what is -37 - -36467?
36430
In base 6, what is 1010 - -1155?
2205
In base 15, what is d6dc + -4?
d6d8
In base 6, what is -435 + 3053?
2214
In base 14, what is 5 + 1142a9?
1142b0
In base 6, what is 41 - 4330?
-4245
In base 7, what is -3 + -552521?
-552524
In base 2, what is -1110001011 + 10011101?
-1011101110
In base 13, what is -b8895 - 7?
-b889c
In base 10, what is 35 - 5794?
-5759
In base 8, what is -4 - -37432?
37426
In base 2, what is 100111 + 1101?
110100
In base 5, what is -42 - 423323?
-423420
In base 9, what is -1100706 - -1?
-1100705
In base 11, what is 18 + 94?
101
In base 13, what is -26 + -3224?
-324a
In base 7, what is 3 + 2645542?
2645545
In base 7, what is 1026163 + 0?
1026163
In base 7, what is 16334340 + 0?
16334340
In base 16, what is -668 - 17e?
-7e6
In base 3, what is -1012222 + -101?
-1020100
In base 2, what is -1101010 - 1100110?
-11010000
In base 4, what is -301012 + 10?
-301002
In base 7, what is 304010 - -2?
304012
In base 5, what is 243433 + 1?
243434
In base 11, what is 2a7 - -58?
354
In base 2, what is -11000110111100101 + -1101?
-11000110111110010
In base 15, what is 2 - -19725?
19727
In base 9, what is 5 + -78350?
-78344
In base 12, what is -4 - -2368?
2364
In base 12, what is -80 - 5b5?
-675
In base 14, what is -20b86a - -1?
-20b869
In base 14, what is 20b0 - -9?
20b9
In base 10, what is -6048 + -3?
-6051
In base 12, what is 1b3 + 280?
473
In base 6, what is 43 - -154130?
154213
In base 16, what is b34f + 0?
b34f
In base 5, what is -2333 + -113?
-3001
In base 14, what is 8941 + 5?
8946
In base 5, what is -33 - 4131414?
-4132002
In base 4, what is -3 + -10011?
-10020
In base 14, what is -d - -3d10?
3d01
In base 11, what is 4 - -45076?
4507a
In base 13, what is 17 + 1964?
197b
In base 11, what is -12231 + -6?
-12237
In base 16, what is 4 - -83cec?
83cf0
In base 11, what is -3 + -41814?
-41817
In base 12, what is 17 - 980b?
-97b4
In base 11, what is 6659a - 2?
66598
In base 16, what is -4 - -5084?
5080
In base 5, what is -23414 - 201?
-24120
In base 8, what is 714215 + 2?
714217
In base 16, what is -9eb + -2?
-9ed
In base 8, what is 0 - 57604?
-57604
In base 12, what is 8a1a + 0?
8a1a
In base 7, what is 513226 + 5?
513234
In base 6, what is -501 + -13451?
-14352
In base 10, what is -322747 - 0?
-322747
In base 12, what is 5a13 - 1a7?
5828
In base 15, what is -4661 + 0?
-4661
In base 2, what is -111 - 1011001011010100?
-1011001011011011
In base 6, what is 0 - 11440300?
-11440300
In base 11, what is 1a + -1a37?
-1a18
In base 13, what is -57 - -3897?
3840
In base 11, what is -2 + 18a57?
18a55
In base 2, what is 1011110111001001101000 - 10?
1011110111001001100110
In base 2, what is -10101101 - 111?
-10110100
In base 2, what is 10000011 - -1100?
10001111
In base 6, what is 555 - -11505?
12504
In base 8, what is 1 -